 1) + (0 - -2). Suppose -2*s - 23 = -g, -5*g + j*s + 0 = -75. What are the prime factors of g?
13
Let a(x) = x**2 - 3*x - 2. Suppose 3*j = -j + 20. List the prime factors of a(j).
2
Let z(u) = -5*u - 23. What are the prime factors of z(-6)?
7
Let v be ((-2)/6)/(2/(-18)). Suppose -2*x + 2*m - v*m + 107 = 0, -m = -x + 61. List the prime factors of x.
2, 7
Suppose 16*u = 17*u - 126. What are the prime factors of u?
2, 3, 7
Suppose 2*y - 26 = -4*u, 0*y - 5*y + 17 = -2*u. Let t = y - -3. Suppose 0*c + t = c. What are the prime factors of c?
2
Let r be 0/((-3)/(5 + -2)). Suppose -2*l + 4 = -r*l. Suppose 0 = l*g - 12. List the prime factors of g.
2, 3
Let g(u) = 16*u - 4*u - 7*u + 5. List the prime factors of g(4).
5
Let h(x) be the second derivative of -x**3/2 + 5*x**2/2 + 3*x. Let t(b) = b - 1. Let y(k) = -h(k) - 4*t(k). List the prime factors of y(-6).
5
List the prime factors of (186/15)/(8/20).
31
Suppose 20 = 5*b - 5. Suppose -2*f = -b*j + 49, 4*j - 40 = -2*f + 4*f. List the prime factors of j.
3
Let o(j) = -2*j**3 - 2*j**2 - 2*j + 2. Let f(l) = l**3 - 6*l**2 + 4*l + 3. Let a be f(5). What are the prime factors of o(a)?
2, 7
Let u(z) = 20*z - 63. List the prime factors of u(15).
3, 79
Let t be 2 - (25 - 9/3). What are the prime factors of (-76)/(-5) - (-4)/t?
3, 5
Suppose 0 = -2*s + 253 + 99. List the prime factors of s.
2, 11
Suppose x + f - 277 = -0*x, 0 = 3*f - 12. List the prime factors of x.
3, 7, 13
Let v = 29 + -3. What are the prime factors of v?
2, 13
Let d be (-2)/9 + 822/54. Suppose 5 = i + 4*y, -3*y - 2*y - d = -3*i. List the prime factors of i.
5
Let u(k) = 12*k**2 + k**2 + 3*k - 3*k. What are the prime factors of u(1)?
13
Let d(h) = h + 1. Let l(o) = 7*o + 10. Let r(n) = -6*d(n) + l(n). List the prime factors of r(3).
7
Let r(q) = -q**2 - 3*q + 1. Let k be r(-3). Let g = k - 0. List the prime factors of (0 - -4)*g/2.
2
Let c be (-1)/6 - 134/(-12). Let f = -8 + c. What are the prime factors of f?
3
Let i(y) = 2*y**3 - y**2 - 10*y + 3. List the prime factors of i(5).
2, 89
Let w(s) = 24*s**2 - 4*s - 5. List the prime factors of w(3).
199
Let m(n) = -n**2 - 8*n - 4. Let z be m(-7). Let s be 3/(-9) - (-19)/z. Suppose y + y = s. List the prime factors of y.
3
Let h = 12 + -13. Let z(u) be the first derivative of -11*u**2/2 - 2. List the prime factors of z(h).
11
Let z = 451 + -237. What are the prime factors of z?
2, 107
Let u(t) = 14*t + 21. List the prime factors of u(4).
7, 11
Suppose 0 = 2*h - 3*h - 2. Let o(i) = -2*i**3 - 2*i**2 - i - 2. What are the prime factors of o(h)?
2
Suppose -7*q = q - 832. List the prime factors of q.
2, 13
Suppose -12*a + 624 = -8*a. Suppose a - 386 = -5*h. What are the prime factors of h?
2, 23
Suppose -w + j + 0 = -31, 0 = w - 5*j - 23. What are the prime factors of w?
3, 11
Suppose -10 - 6 = -2*c. Suppose -2*t + 36 = c. List the prime factors of t.
2, 7
Let f be ((-8)/10)/(2/(-10)). Let j(z) = -z**2 + 2*z - 2. Let s(u) = -u**2 + u - 3. Let o(l) = 4*j(l) - 3*s(l). What are the prime factors of o(f)?
5
Suppose 3*c + m = -4*m + 148, -4*c - 2*m + 188 = 0. What are the prime factors of c?
2, 23
Suppose d = -t - 3*d + 10, -t = -2*d + 2. Suppose -h + t = -j - 6, 2*j = -4*h - 10. Let f(v) = v**3 + 6*v**2 - 6*v + 10. What are the prime factors of f(j)?
3
Let p(i) = -i**3 - 7*i**2 - 9*i - 6. List the prime factors of p(-6).
2, 3
Suppose j + 2*j = 30. Suppose 2*k + 5*o - j = 14, 3*k - 4*o = -10. Suppose -7*v + 40 = -k*v. What are the prime factors of v?
2
Let d(b) = -b**3 - 3*b. What are the prime factors of d(-4)?
2, 19
Let o(z) = -z**3 + 5*z**2 + 3*z + 1. Let v be o(-3). Let l = -44 + v. List the prime factors of l.
2, 5
Let o be 0 + -1 + 1 + 1. List the prime factors of (25 + -3)/o + 1.
23
List the prime factors of (-7 + 1 + 0)/((-20)/830).
3, 83
Let b(t) = t**3 - 2*t**2 - 4*t. Suppose 5*k - 18 = 2. Let u be b(k). Suppose 0*h = -4*h + u. List the prime factors of h.
2
Let d = 0 - -3. Let i(u) = 2*u**2 - 4*u - 1. What are the prime factors of i(d)?
5
Suppose 2*h - 30 = -3*k, 3*h - k = k + 19. Suppose 0 = -3*b + h + 15. List the prime factors of b.
2
Suppose -c - 3*d = -10 - 11, d + 1 = c. Suppose -40 = -c*i + i. What are the prime factors of i?
2
Let o(v) = v**3 - 3*v**2 - 5*v - 5. Let m be o(5). Let s be (-35)/m + 1/(-4). Let d(q) = -8*q + 2. List the prime factors of d(s).
2, 3
Let k be 4 + 0 + (1 - 3). What are the prime factors of 1 - (-20 - (-1 - k))?
2, 3
List the prime factors of (13 - -1)*5/(40/124).
7, 31
Let r = 2 + 6. Suppose -2 - r = -5*x. List the prime factors of x.
2
Suppose -15 - 1 = -4*w. Let v be 2*3/6 + 2. Suppose -o + v = -4*o, d + w*o = 0. What are the prime factors of d?
2
Let t(z) be the third derivative of -z**4/12 + 5*z**3/6 - 3*z**2. What are the prime factors of t(-4)?
13
Let r = 4 + -10. What are the prime factors of 16/24 - 56/r?
2, 5
Suppose 3*g = -2*w - 0*w + 330, -4 = -g. What are the prime factors of w?
3, 53
Suppose -25 = -5*i, -3*q + 243 = -q - 3*i. What are the prime factors of q?
3, 43
Let m be 6/8 + (-477)/(-36). Let z = m - 1. List the prime factors of (1 - (2 - z))/1.
2, 3
List the prime factors of (15/(60/16))/(2/109).
2, 109
What are the prime factors of ((256/(-24))/8)/((-2)/141)?
2, 47
Let r = 0 - -4. Suppose 6 = -2*j - r*g, g - 3*g - 4 = 0. What are the prime factors of (0 - j) + (13 - 4)?
2
Let w be (0 - -1)*4/2. Suppose -5*y + 0*v + 3 = -v, -6 = y + w*v. Suppose 4*o + 8 - 44 = y. List the prime factors of o.
3
What are the prime factors of 13 + -1 + (-3 - -1)?
2, 5
Let l(i) = -i**2 - 17*i + 15. List the prime factors of l(-11).
3
Let w = -129 + 79. Let y = -23 - w. What are the prime factors of y?
3
Let m = -4 + 4. Suppose 2*j + j = m. What are the prime factors of 3 + j*(2 + -1)?
3
Let o = 77 + -16. List the prime factors of o.
61
Let p(l) = -l + 7. Let m be p(-5). Let s(x) = x**3 + 4*x**2 - 3*x + 5. Let n be s(-4). Let a = n - m. What are the prime factors of a?
5
Let m(l) = 18*l - 73. What are the prime factors of m(21)?
5, 61
Suppose -5*c + 30 = 5. Suppose k - o = c, 0 = -2*k - 6*o + 2*o - 20. Suppose k*v + 2*v = 6. List the prime factors of v.
3
Let c be 1*-4 - (-5 - -3). Let j(x) = -2*x**3 - 2*x**2 + x. List the prime factors of j(c).
2, 3
Let d(l) = -l**2 - 5*l + 5. Let q be d(-5). List the prime factors of q/(15/16)*3.
2
Suppose -5*d = -0*d - j - 330, -5*d - 3*j = -310. What are the prime factors of d?
5, 13
Suppose -9 = 2*s + s. Let u(i) = i**2 + i. Let o be u(s). Suppose o = -2*t + 22. List the prime factors of t.
2
Let b be (-24)/(-9)*57/4. Let z = b - 18. Suppose -14 = -5*q + 2*k, -5*k - z = -3*q - 2*q. List the prime factors of q.
2
Suppose -v + 2*v - 10 = 0. Suppose -b - 4 = -v. What are the prime factors of b?
2, 3
Suppose 1476 = 5*x + 13*x. List the prime factors of x.
2, 41
Let b(t) be the second derivative of -3/2*t**2 + 1/3*t**3 + 0 + 4*t. What are the prime factors of b(5)?
7
What are the prime factors of (-1)/4 + 315/28?
11
Suppose -m = -3*u + 58, -3*u = -0*u + 3*m - 78. Let i = -11 + u. What are the prime factors of i?
2, 5
Let n(w) = -w**2 - 6*w - 2. Let b be ((-45)/9)/(2 + -1). What are the prime factors of n(b)?
3
Let t be -36*-2*12/32. Suppose 2*h - t = 59. List the prime factors of h.
43
Let d(i) = -i**3 - 4*i**2 + 2*i + 5. Let z = -14 + 9. Let p be d(z). Suppose -4*f = -r, 8 = -4*f + p. What are the prime factors of r?
2, 3
Let a = 34 - -6. What are the prime factors of 12/8*a/6?
2, 5
Let o(k) = 17 + 18*k**2 - 16*k + 4*k - 19*k**2. What are the prime factors of o(-12)?
17
Suppose 2*n = 3*n + 31. Let q = -19 - n. List the prime factors of q.
2, 3
Let u be 0 - (14 + 0)/(-2). Let c(r) be the first derivative of -r**3/3 + 9*r**2/2 - 5*r + 4. List the prime factors of c(u).
3
Let c be 3 - 1*(-2)/1. Suppose c*l - 29 = 6. Suppose 3*h - l = 23. What are the prime factors of h?
2, 5
Let m(b) be the third derivative of b**5/30 + b**4/6 - b**3/2 - b**2. What are the prime factors of m(2)?
13
Let y(l) = -l + 1. Let v be y(-2). Let r(f) = 2*f**3 - 3*f**2 + 1. List the prime factors of r(v).
2, 7
Let a be 3 + (1 - -24) + -1. Let g = 1 + a. Suppose g + 42 = 5*t. What are the prime factors of t?
2, 7
Suppose -3*t + 0*t = 5*o + 2, -32 = -2*t + 5*o. Suppose -t*n - 6 + 24 = 0. What are the prime factors of n?
3
Let l be (20/(-6))/(5/(-30)). Let o = l